{"id":1186,"date":"2022-09-14T09:48:51","date_gmt":"2022-09-14T07:48:51","guid":{"rendered":"http:\/\/baumpflege-zeidler.de\/?page_id=1186"},"modified":"2022-09-14T10:48:27","modified_gmt":"2022-09-14T08:48:27","slug":"werkzeug","status":"publish","type":"page","link":"http:\/\/baumpflege-zeidler.de\/?page_id=1186","title":{"rendered":"Werkzeug"},"content":{"rendered":"<section class=\"l-section wpb_row height_medium\"><div class=\"l-section-h i-cf\"><div class=\"g-cols vc_row via_flex valign_top type_boxes stacking_default\"><div class=\"vc_col-sm-8 wpb_column vc_column_container\"><div class=\"vc_column-inner\"><div class=\"wpb_wrapper\"><div class=\"wpb_text_column\"><div class=\"wpb_wrapper\"><h3 class=\"dgfett18\">Werkzeuge f\u00fcr die Baumpflege<\/h3>\n<p class=\"dgmager14\">F\u00fcr jedes Aufgabengebiet im Bereich der Baumpflege und Baumf\u00e4llung setze ich das am besten geeignete Werkzeug ein.<\/p>\n<p class=\"dgmager14\">Die Seilklettertechnik erm\u00f6glicht das Pflegen und F\u00e4llen schwer zug\u00e4nglicher B\u00e4ume. Sie ist der schondendste Eingriff f\u00fcr den Baum bei der Pflege und f\u00fcr die Umgebung bei der F\u00e4llung. Sie er\u00fcbrigt den Einsatz teurer Maschinen.<\/p>\n<\/div><\/div><div class=\"w-image us_custom_0f8f44b7 align_none\"><div class=\"w-image-h\"><img loading=\"lazy\" decoding=\"async\" width=\"530\" height=\"398\" src=\"http:\/\/baumpflege-zeidler.de\/wp-content\/uploads\/2022\/09\/14.jpg\" class=\"attachment-full size-full\" alt=\"\" srcset=\"http:\/\/baumpflege-zeidler.de\/wp-content\/uploads\/2022\/09\/14.jpg 530w, http:\/\/baumpflege-zeidler.de\/wp-content\/uploads\/2022\/09\/14-300x225.jpg 300w\" sizes=\"auto, (max-width: 530px) 100vw, 530px\" \/><\/div><\/div><\/div><\/div><\/div><div class=\"vc_col-sm-4 wpb_column vc_column_container  has_bg_color\"><div class=\"vc_column-inner us_custom_30194dc0 us_animate_this\"><div class=\"wpb_wrapper\"><div class=\"wpb_text_column\"><div class=\"wpb_wrapper\"><h4 class=\"dgfett16\">Seilklettertechnik (SKT)<\/h4>\n<p class=\"dgmager14\">Die Seilklettertechnik erm\u00f6glicht Pflegema\u00dfnahmen und Baumabtragungen \u00fcberall dort, wo keine Hebeb\u00fchne eingesetzt werden kann oder soll.<\/p>\n<p>Durch die Seilklettertechnik ist jeder Baum an jeder Stelle eines Grundst\u00fcckes oder Gartens erreichbar.<\/p>\n<p>Bodenverdichtungen durch schweres Ger\u00e4t wird vermieden. Es gibt keinerlei H\u00f6henbegrenzung.<\/p>\n<\/div><\/div><div class=\"w-image us_custom_0f8f44b7 align_none\"><div class=\"w-image-h\"><img loading=\"lazy\" decoding=\"async\" width=\"300\" height=\"300\" src=\"http:\/\/baumpflege-zeidler.de\/wp-content\/uploads\/2022\/09\/RG10C_ropeguide_2010.jpg\" class=\"attachment-large size-large\" alt=\"\" srcset=\"http:\/\/baumpflege-zeidler.de\/wp-content\/uploads\/2022\/09\/RG10C_ropeguide_2010.jpg 300w, http:\/\/baumpflege-zeidler.de\/wp-content\/uploads\/2022\/09\/RG10C_ropeguide_2010-150x150.jpg 150w, http:\/\/baumpflege-zeidler.de\/wp-content\/uploads\/2022\/09\/RG10C_ropeguide_2010-200x200.jpg 200w, http:\/\/baumpflege-zeidler.de\/wp-content\/uploads\/2022\/09\/RG10C_ropeguide_2010-250x250.jpg 250w\" sizes=\"auto, (max-width: 300px) 100vw, 300px\" \/><\/div><\/div><\/div><\/div><\/div><\/div><\/div><\/section>\n","protected":false},"excerpt":{"rendered":"Werkzeuge f\u00fcr die Baumpflege F\u00fcr jedes Aufgabengebiet im Bereich der Baumpflege und Baumf\u00e4llung setze ich das am besten geeignete Werkzeug ein. Die Seilklettertechnik erm\u00f6glicht das Pflegen und F\u00e4llen schwer zug\u00e4nglicher B\u00e4ume. Sie ist der schondendste Eingriff f\u00fcr den Baum bei der Pflege und f\u00fcr die Umgebung bei der F\u00e4llung. Sie er\u00fcbrigt den Einsatz teurer Maschinen....","protected":false},"author":4,"featured_media":0,"parent":0,"menu_order":0,"comment_status":"closed","ping_status":"closed","template":"","meta":{"footnotes":""},"class_list":["post-1186","page","type-page","status-publish","hentry"],"_links":{"self":[{"href":"http:\/\/baumpflege-zeidler.de\/index.php?rest_route=\/wp\/v2\/pages\/1186","targetHints":{"allow":["GET"]}}],"collection":[{"href":"http:\/\/baumpflege-zeidler.de\/index.php?rest_route=\/wp\/v2\/pages"}],"about":[{"href":"http:\/\/baumpflege-zeidler.de\/index.php?rest_route=\/wp\/v2\/types\/page"}],"author":[{"embeddable":true,"href":"http:\/\/baumpflege-zeidler.de\/index.php?rest_route=\/wp\/v2\/users\/4"}],"replies":[{"embeddable":true,"href":"http:\/\/baumpflege-zeidler.de\/index.php?rest_route=%2Fwp%2Fv2%2Fcomments&post=1186"}],"version-history":[{"count":5,"href":"http:\/\/baumpflege-zeidler.de\/index.php?rest_route=\/wp\/v2\/pages\/1186\/revisions"}],"predecessor-version":[{"id":1224,"href":"http:\/\/baumpflege-zeidler.de\/index.php?rest_route=\/wp\/v2\/pages\/1186\/revisions\/1224"}],"wp:attachment":[{"href":"http:\/\/baumpflege-zeidler.de\/index.php?rest_route=%2Fwp%2Fv2%2Fmedia&parent=1186"}],"curies":[{"name":"wp","href":"https:\/\/api.w.org\/{rel}","templated":true}]}}